

{"id":18,"date":"2020-08-23T19:22:48","date_gmt":"2020-08-23T22:22:48","guid":{"rendered":"https:\/\/www2.energia.coop\/brasil\/?page_id=18"},"modified":"2024-07-04T12:10:32","modified_gmt":"2024-07-04T15:10:32","slug":"sobre-a-plataforma","status":"publish","type":"page","link":"https:\/\/www2.energia.coop\/brasil\/sobre-a-plataforma\/","title":{"rendered":"Sobre a plataforma"},"content":{"rendered":"<h2>Sobre esta plataforma<\/h2>\n<p>Esta plataforma foi elaborada com o objetivo de ser um <strong>ponto central de informa\u00e7\u00f5es sobre a Energia Cooperativa no Brasil<\/strong>, al\u00e9m de ter informa\u00e7\u00f5es sobre as atuais iniciativas. A ideia \u00e9 dar a devida visibilidade e entendimento do importante papel que esses projetos comunit\u00e1rios de gera\u00e7\u00e3o de energia renov\u00e1vel assumem na sociedade, bem como divulgar e compartilhar oportunidades.<\/p>\n<p>O desenvolvimento desta plataforma acontece no \u00e2mbito do projeto internacional \u201cPlataformas de di\u00e1logo cooperativo de energia para fortalecer projetos descentralizados de energia renov\u00e1vel por meio do engajamento cidad\u00e3o\u201d realizado pela <span style=\"color: #000000;\">DGRV \u2013 Deutscher Genossenschafts- und Raiffeisenverband e. V.\u00a0<\/span><span style=\"text-decoration: underline; color: #008080;\"><a style=\"color: #008080; text-decoration: underline;\" href=\"https:\/\/www.dgrv.coop\/\"><strong>(Confedera\u00e7\u00e3o Alem\u00e3 das Cooperativas)<\/strong><\/a><\/span> e financiado pelo Minist\u00e9rio Alem\u00e3o de Coopera\u00e7\u00e3o Econ\u00f4mica e Desenvolvimento (BMZ).<\/p>\n<p>O <span style=\"color: #000000;\">Instituto para o Desenvolvimento de Energias Alternativas na Am\u00e9rica Latina <\/span><strong><span style=\"text-decoration: underline;\"><span style=\"color: #008080; text-decoration: underline;\">(IDEAL)<\/span><\/span><\/strong> e o <span style=\"color: #000000;\">Centro de Pesquisa e Capacita\u00e7\u00e3o em Energia Solar da Universidade Federal de Santa Catarina <\/span><span style=\"text-decoration: underline;\"><span style=\"color: #008080; text-decoration: underline;\"><a style=\"color: #008080; text-decoration: underline;\" href=\"http:\/\/fotovoltaica.ufsc.br\/\"><strong>(Fotovoltaica-UFSC)<\/strong><\/a><\/span><\/span> e a <span style=\"color: #000000;\">Organiza\u00e7\u00e3o das Cooperativas Brasileiras <\/span><span style=\"text-decoration: underline; color: #008080;\"><strong>(<a style=\"color: #008080; text-decoration: underline;\" href=\"https:\/\/www.somoscooperativismo.coop.br\/ocb\">OCB<\/a>)<\/strong><\/span> foram parceiros nesta constru\u00e7\u00e3o.<\/p>\n<p>A <strong>DGRV <\/strong>\u00e9 a organiza\u00e7\u00e3o c\u00fapula, de terceiro grau do setor cooperativo da Alemanha e constitui-se como uma associa\u00e7\u00e3o civil sem fins lucrativos. Al\u00e9m de suas fun\u00e7\u00f5es na Alemanha, a <strong>DGRV<\/strong> apoia diversas atividades de desenvolvimento do cooperativismo em n\u00edvel mundial, as quais t\u00eam o intuito de contribuir para o melhoramento do desempenho das cooperativas e fomentar os avan\u00e7os das estruturas sociais e econ\u00f4micas.<\/p>\n<p>Com base na boa experi\u00eancia com cooperativas de energia na Alemanha (mais de 800 no total), como uma forma democr\u00e1tica, sustent\u00e1vel e muito adequada para projetos de pessoas com a inten\u00e7\u00e3o de participar de uma transforma\u00e7\u00e3o energ\u00e9tica, a <strong>DGRV<\/strong> vem apoiando e disseminando este tema no Brasil.<\/p>\n<p>O <strong>Instituto IDEAL<\/strong> \u00e9 uma organiza\u00e7\u00e3o privada sem fins lucrativos, com sede em Florian\u00f3polis (SC), que atua na promo\u00e7\u00e3o de energias renov\u00e1veis e de pol\u00edticas de integra\u00e7\u00e3o energ\u00e9tica na Am\u00e9rica Latina desde 2007. O <strong>IDEAL<\/strong> nasceu com o prop\u00f3sito de criar um grande movimento em defesa das energias renov\u00e1veis e da efici\u00eancia energ\u00e9tica, possibilitando, por meio da conscientiza\u00e7\u00e3o da sociedade, que se estabele\u00e7a uma pol\u00edtica de integra\u00e7\u00e3o energ\u00e9tica regional, comprometida com o futuro da humanidade.<\/p>\n<p>O <strong>Fotovoltaica-UFSC<\/strong> \u00e9 um centro de pesquisa e capacita\u00e7\u00e3o associado \u00e0 Universidade Federal de Santa Catarina que desenvolve estudos nas diversas \u00e1reas de aplica\u00e7\u00e3o da energia solar no Brasil, com foco principal em sistemas fotovoltaicos integrados ao entorno constru\u00eddo e interligados \u00e0 rede el\u00e9trica p\u00fablica.<\/p>\n<p>A <strong>OCB<\/strong> foi criada em 1969, durante o IV Congresso Brasileiro do Cooperativismo e\u00a0 veio substituir e unificar a ABCOOP (Associa\u00e7\u00e3o Brasileira de Cooperativas) e a Unasco (Uni\u00e3o Nacional de Cooperativas) por materializa\u00e7\u00e3o do conceito de que o cooperativismo \u00e9 unir para fortalecer e foi justamente esse pensamento que levou as cooperativas a optarem por uma representa\u00e7\u00e3o \u00fanica. Desde ent\u00e3o, a institui\u00e7\u00e3o \u00e9 respons\u00e1vel pelo fomento e defesa do sistema cooperativista brasileiro, apresentando o cooperativismo como solu\u00e7\u00e3o para um mundo mais justo, feliz, equilibrado e com melhores oportunidades para todos. A <strong>OCB<\/strong> foi criada para ser a voz das cooperativas brasileiras, com atua\u00e7\u00e3o sempre presente, mostrando \u00e0 todos os benef\u00edcios que o cooperativismo \u00e9 capaz de trazer para as pessoas e para o pa\u00eds. Atuando, principalmente, junto aos poderes Executivo, Legislativo e Judici\u00e1rio e entidades internacionais em busca de conquistas e avan\u00e7os para o setor.<\/p>\n<p>A proposta \u00e9 que essa plataforma seja constru\u00edda de forma colaborativa pelas pessoas entusiastas dessa tem\u00e1tica. Voc\u00ea gostaria de contribuir com a plataforma sugerindo algum conte\u00fado ou pauta? Entre em contato pelo e-mail <span style=\"text-decoration: underline;\"><strong><a href=\"mailto: contato@energia.coop\"><span style=\"color: #008080; text-decoration: underline;\">contato@energia.coop<\/span><\/a><\/strong><\/span>.<\/p>\n<p>&nbsp;<\/p>\n","protected":false},"excerpt":{"rendered":"<p>Sobre esta plataforma Esta plataforma foi elaborada com o objetivo de ser um ponto central de informa\u00e7\u00f5es sobre a Energia Cooperativa no Brasil, al\u00e9m de ter informa\u00e7\u00f5es sobre as atuais iniciativas. A ideia \u00e9 dar a devida visibilidade e entendimento do importante papel que esses projetos comunit\u00e1rios de gera\u00e7\u00e3o de energia renov\u00e1vel assumem na sociedade, [&hellip;]<\/p>\n","protected":false},"author":2,"featured_media":57,"parent":0,"menu_order":18,"comment_status":"closed","ping_status":"closed","template":"page-sobre.php","meta":{"_acf_changed":false,"footnotes":""},"class_list":["post-18","page","type-page","status-publish","has-post-thumbnail","hentry"],"acf":[],"yoast_head":"<!-- This site is optimized with the Yoast SEO plugin v27.4 - https:\/\/yoast.com\/product\/yoast-seo-wordpress\/ -->\n<title>Sobre a plataforma - Energia Cooperativa<\/title>\n<meta name=\"description\" content=\"Esta plataforma foi elaborada com o objetivo de ser um ponto central de informa\u00e7\u00f5es sobre a Energia Cooperativa no Brasil.\" \/>\n<meta name=\"robots\" content=\"index, follow, max-snippet:-1, max-image-preview:large, max-video-preview:-1\" \/>\n<link rel=\"canonical\" href=\"https:\/\/www2.energia.coop\/brasil\/sobre-a-plataforma\/\" \/>\n<meta property=\"og:locale\" content=\"pt_BR\" \/>\n<meta property=\"og:type\" content=\"article\" \/>\n<meta property=\"og:title\" content=\"Sobre a plataforma - Energia Cooperativa\" \/>\n<meta property=\"og:description\" content=\"Esta plataforma foi elaborada com o objetivo de ser um ponto central de informa\u00e7\u00f5es sobre a Energia Cooperativa no Brasil.\" \/>\n<meta property=\"og:url\" content=\"https:\/\/www2.energia.coop\/brasil\/sobre-a-plataforma\/\" \/>\n<meta property=\"og:site_name\" content=\"Energia Cooperativa\" \/>\n<meta property=\"article:modified_time\" content=\"2024-07-04T15:10:32+00:00\" \/>\n<meta property=\"og:image\" content=\"https:\/\/www2.energia.coop\/brasil\/wp-content\/uploads\/2020\/08\/gr_sobre.jpg\" \/>\n\t<meta property=\"og:image:width\" content=\"488\" \/>\n\t<meta property=\"og:image:height\" content=\"683\" \/>\n\t<meta property=\"og:image:type\" content=\"image\/jpeg\" \/>\n<meta name=\"twitter:card\" content=\"summary_large_image\" \/>\n<meta name=\"twitter:label1\" content=\"Est. tempo de leitura\" \/>\n\t<meta name=\"twitter:data1\" content=\"4 minutos\" \/>\n<script type=\"application\/ld+json\" class=\"yoast-schema-graph\">{\"@context\":\"https:\\\/\\\/schema.org\",\"@graph\":[{\"@type\":\"WebPage\",\"@id\":\"https:\\\/\\\/www2.energia.coop\\\/brasil\\\/sobre-a-plataforma\\\/\",\"url\":\"https:\\\/\\\/www2.energia.coop\\\/brasil\\\/sobre-a-plataforma\\\/\",\"name\":\"Sobre a plataforma - Energia Cooperativa\",\"isPartOf\":{\"@id\":\"https:\\\/\\\/www2.energia.coop\\\/brasil\\\/#website\"},\"primaryImageOfPage\":{\"@id\":\"https:\\\/\\\/www2.energia.coop\\\/brasil\\\/sobre-a-plataforma\\\/#primaryimage\"},\"image\":{\"@id\":\"https:\\\/\\\/www2.energia.coop\\\/brasil\\\/sobre-a-plataforma\\\/#primaryimage\"},\"thumbnailUrl\":\"https:\\\/\\\/www2.energia.coop\\\/brasil\\\/wp-content\\\/uploads\\\/2020\\\/08\\\/gr_sobre.jpg\",\"datePublished\":\"2020-08-23T22:22:48+00:00\",\"dateModified\":\"2024-07-04T15:10:32+00:00\",\"description\":\"Esta plataforma foi elaborada com o objetivo de ser um ponto central de informa\u00e7\u00f5es sobre a Energia Cooperativa no Brasil.\",\"inLanguage\":\"pt-BR\",\"potentialAction\":[{\"@type\":\"ReadAction\",\"target\":[\"https:\\\/\\\/www2.energia.coop\\\/brasil\\\/sobre-a-plataforma\\\/\"]}]},{\"@type\":\"ImageObject\",\"inLanguage\":\"pt-BR\",\"@id\":\"https:\\\/\\\/www2.energia.coop\\\/brasil\\\/sobre-a-plataforma\\\/#primaryimage\",\"url\":\"https:\\\/\\\/www2.energia.coop\\\/brasil\\\/wp-content\\\/uploads\\\/2020\\\/08\\\/gr_sobre.jpg\",\"contentUrl\":\"https:\\\/\\\/www2.energia.coop\\\/brasil\\\/wp-content\\\/uploads\\\/2020\\\/08\\\/gr_sobre.jpg\",\"width\":488,\"height\":683,\"caption\":\"Desenho animado com um grupo de pessoas que est\u00e3o fora sob dois s\u00f3is e geram eletricidade a partir de usinas e\u00f3licas\"},{\"@type\":\"WebSite\",\"@id\":\"https:\\\/\\\/www2.energia.coop\\\/brasil\\\/#website\",\"url\":\"https:\\\/\\\/www2.energia.coop\\\/brasil\\\/\",\"name\":\"Energia Cooperativa\",\"description\":\"\",\"potentialAction\":[{\"@type\":\"SearchAction\",\"target\":{\"@type\":\"EntryPoint\",\"urlTemplate\":\"https:\\\/\\\/www2.energia.coop\\\/brasil\\\/?s={search_term_string}\"},\"query-input\":{\"@type\":\"PropertyValueSpecification\",\"valueRequired\":true,\"valueName\":\"search_term_string\"}}],\"inLanguage\":\"pt-BR\"}]}<\/script>\n<!-- \/ Yoast SEO plugin. -->","yoast_head_json":{"title":"Sobre a plataforma - Energia Cooperativa","description":"Esta plataforma foi elaborada com o objetivo de ser um ponto central de informa\u00e7\u00f5es sobre a Energia Cooperativa no Brasil.","robots":{"index":"index","follow":"follow","max-snippet":"max-snippet:-1","max-image-preview":"max-image-preview:large","max-video-preview":"max-video-preview:-1"},"canonical":"https:\/\/www2.energia.coop\/brasil\/sobre-a-plataforma\/","og_locale":"pt_BR","og_type":"article","og_title":"Sobre a plataforma - Energia Cooperativa","og_description":"Esta plataforma foi elaborada com o objetivo de ser um ponto central de informa\u00e7\u00f5es sobre a Energia Cooperativa no Brasil.","og_url":"https:\/\/www2.energia.coop\/brasil\/sobre-a-plataforma\/","og_site_name":"Energia Cooperativa","article_modified_time":"2024-07-04T15:10:32+00:00","og_image":[{"width":488,"height":683,"url":"https:\/\/www2.energia.coop\/brasil\/wp-content\/uploads\/2020\/08\/gr_sobre.jpg","type":"image\/jpeg"}],"twitter_card":"summary_large_image","twitter_misc":{"Est. tempo de leitura":"4 minutos"},"schema":{"@context":"https:\/\/schema.org","@graph":[{"@type":"WebPage","@id":"https:\/\/www2.energia.coop\/brasil\/sobre-a-plataforma\/","url":"https:\/\/www2.energia.coop\/brasil\/sobre-a-plataforma\/","name":"Sobre a plataforma - Energia Cooperativa","isPartOf":{"@id":"https:\/\/www2.energia.coop\/brasil\/#website"},"primaryImageOfPage":{"@id":"https:\/\/www2.energia.coop\/brasil\/sobre-a-plataforma\/#primaryimage"},"image":{"@id":"https:\/\/www2.energia.coop\/brasil\/sobre-a-plataforma\/#primaryimage"},"thumbnailUrl":"https:\/\/www2.energia.coop\/brasil\/wp-content\/uploads\/2020\/08\/gr_sobre.jpg","datePublished":"2020-08-23T22:22:48+00:00","dateModified":"2024-07-04T15:10:32+00:00","description":"Esta plataforma foi elaborada com o objetivo de ser um ponto central de informa\u00e7\u00f5es sobre a Energia Cooperativa no Brasil.","inLanguage":"pt-BR","potentialAction":[{"@type":"ReadAction","target":["https:\/\/www2.energia.coop\/brasil\/sobre-a-plataforma\/"]}]},{"@type":"ImageObject","inLanguage":"pt-BR","@id":"https:\/\/www2.energia.coop\/brasil\/sobre-a-plataforma\/#primaryimage","url":"https:\/\/www2.energia.coop\/brasil\/wp-content\/uploads\/2020\/08\/gr_sobre.jpg","contentUrl":"https:\/\/www2.energia.coop\/brasil\/wp-content\/uploads\/2020\/08\/gr_sobre.jpg","width":488,"height":683,"caption":"Desenho animado com um grupo de pessoas que est\u00e3o fora sob dois s\u00f3is e geram eletricidade a partir de usinas e\u00f3licas"},{"@type":"WebSite","@id":"https:\/\/www2.energia.coop\/brasil\/#website","url":"https:\/\/www2.energia.coop\/brasil\/","name":"Energia Cooperativa","description":"","potentialAction":[{"@type":"SearchAction","target":{"@type":"EntryPoint","urlTemplate":"https:\/\/www2.energia.coop\/brasil\/?s={search_term_string}"},"query-input":{"@type":"PropertyValueSpecification","valueRequired":true,"valueName":"search_term_string"}}],"inLanguage":"pt-BR"}]}},"_links":{"self":[{"href":"https:\/\/www2.energia.coop\/brasil\/wp-json\/wp\/v2\/pages\/18","targetHints":{"allow":["GET"]}}],"collection":[{"href":"https:\/\/www2.energia.coop\/brasil\/wp-json\/wp\/v2\/pages"}],"about":[{"href":"https:\/\/www2.energia.coop\/brasil\/wp-json\/wp\/v2\/types\/page"}],"author":[{"embeddable":true,"href":"https:\/\/www2.energia.coop\/brasil\/wp-json\/wp\/v2\/users\/2"}],"replies":[{"embeddable":true,"href":"https:\/\/www2.energia.coop\/brasil\/wp-json\/wp\/v2\/comments?post=18"}],"version-history":[{"count":0,"href":"https:\/\/www2.energia.coop\/brasil\/wp-json\/wp\/v2\/pages\/18\/revisions"}],"wp:featuredmedia":[{"embeddable":true,"href":"https:\/\/www2.energia.coop\/brasil\/wp-json\/wp\/v2\/media\/57"}],"wp:attachment":[{"href":"https:\/\/www2.energia.coop\/brasil\/wp-json\/wp\/v2\/media?parent=18"}],"curies":[{"name":"wp","href":"https:\/\/api.w.org\/{rel}","templated":true}]}}